{"id":2946,"date":"2021-08-06T16:20:16","date_gmt":"2021-08-06T14:20:16","guid":{"rendered":"http:\/\/stage.rejtvenyujsag.hu\/?page_id=2946"},"modified":"2021-10-13T15:37:42","modified_gmt":"2021-10-13T13:37:42","slug":"kapcsolat-2","status":"publish","type":"page","link":"https:\/\/stage.rejtvenyujsag.hu\/?page_id=2946","title":{"rendered":"Kapcsolat"},"content":{"rendered":"\t\t<div data-elementor-type=\"wp-page\" data-elementor-id=\"2946\" class=\"elementor elementor-2946\" data-elementor-settings=\"[]\">\n\t\t\t\t\t\t\t<div class=\"elementor-section-wrap\">\n\t\t\t\t\t\t\t<section class=\"elementor-section elementor-top-section elementor-element elementor-element-70663965 elementor-section-height-min-height elementor-section-items-top elementor-section-boxed elementor-section-height-default\" data-id=\"70663965\" data-element_type=\"section\" data-settings=\"{&quot;background_background&quot;:&quot;classic&quot;,&quot;sticky&quot;:&quot;top&quot;,&quot;sticky_on&quot;:[&quot;desktop&quot;,&quot;tablet&quot;,&quot;mobile&quot;],&quot;sticky_offset&quot;:0,&quot;sticky_effects_offset&quot;:0}\">\n\t\t\t\t\t\t<div class=\"elementor-container elementor-column-gap-default\">\n\t\t\t\t\t<div class=\"elementor-column elementor-col-100 elementor-top-column elementor-element elementor-element-6df6eff9\" data-id=\"6df6eff9\" data-element_type=\"column\">\n\t\t\t<div class=\"elementor-widget-wrap elementor-element-populated\">\n\t\t\t\t\t\t\t\t<div class=\"elementor-element elementor-element-9d224f7 elementor-nav-menu__align-center elementor-nav-menu--dropdown-none elementor-widget elementor-widget-nav-menu\" data-id=\"9d224f7\" data-element_type=\"widget\" data-settings=\"{&quot;layout&quot;:&quot;horizontal&quot;,&quot;submenu_icon&quot;:{&quot;value&quot;:&quot;fas fa-caret-down&quot;,&quot;library&quot;:&quot;fa-solid&quot;}}\" data-widget_type=\"nav-menu.default\">\n\t\t\t\t<div class=\"elementor-widget-container\">\n\t\t\t\t\t\t<nav migration_allowed=\"1\" migrated=\"0\" role=\"navigation\" class=\"elementor-nav-menu--main elementor-nav-menu__container elementor-nav-menu--layout-horizontal e--pointer-text e--animation-none\"><ul id=\"menu-1-9d224f7\" class=\"elementor-nav-menu\"><li class=\"lapjaink-menu-item menu-item menu-item-type-custom menu-item-object-custom menu-item-has-children menu-item-904\"><a href=\"#\" class=\"elementor-item elementor-item-anchor\">Lapjaink<\/a>\n<ul class=\"sub-menu elementor-nav-menu--dropdown\">\n\t<li class=\"menu-item menu-item-type-custom menu-item-object-custom menu-item-2372\"><a href=\"#\" class=\"elementor-sub-item elementor-item-anchor\">submenu &#8211; ne t\u00f6r\u00f6ld!<\/a><\/li>\n<\/ul>\n<\/li>\n<li class=\"menu-item menu-item-type-custom menu-item-object-custom menu-item-34\"><a target=\"_blank\" rel=\"noopener\" href=\"https:\/\/www.kedvencwebaruhaz.hu\/\" class=\"elementor-item\">Web\u00e1ruh\u00e1z<\/a><\/li>\n<li class=\"menu-item menu-item-type-custom menu-item-object-custom menu-item-35\"><a target=\"_blank\" rel=\"noopener\" href=\"https:\/\/www.netrejtveny.hu\/\" class=\"elementor-item\">Netrejtv\u00e9ny<\/a><\/li>\n<li class=\"menu-item menu-item-type-post_type menu-item-object-page menu-item-2996\"><a href=\"https:\/\/stage.rejtvenyujsag.hu\/?page_id=2946\" class=\"elementor-item\">Kapcsolat<\/a><\/li>\n<li class=\"menu-item menu-item-type-custom menu-item-object-custom menu-item-3585\"><a target=\"_blank\" rel=\"noopener\" href=\"https:\/\/www.kedvencwebaruhaz.hu\/index.php\/egyedi-rejtveny-keszites\" class=\"elementor-item\">Rejtv\u00e9nyk\u00e9sz\u00edt\u00e9s<\/a><\/li>\n<\/ul><\/nav>\n\t\t\t\t\t<div class=\"elementor-menu-toggle\" role=\"button\" tabindex=\"0\" aria-label=\"Menu Toggle\" aria-expanded=\"false\">\n\t\t\t<i class=\"eicon-menu-bar\" aria-hidden=\"true\" role=\"presentation\"><\/i>\n\t\t\t<span class=\"elementor-screen-only\">Menu<\/span>\n\t\t<\/div>\n\t\t\t<nav class=\"elementor-nav-menu--dropdown elementor-nav-menu__container\" role=\"navigation\" aria-hidden=\"true\"><ul id=\"menu-2-9d224f7\" class=\"elementor-nav-menu\"><li class=\"lapjaink-menu-item menu-item menu-item-type-custom menu-item-object-custom menu-item-has-children menu-item-904\"><a href=\"#\" class=\"elementor-item elementor-item-anchor\" tabindex=\"-1\">Lapjaink<\/a>\n<ul class=\"sub-menu elementor-nav-menu--dropdown\">\n\t<li class=\"menu-item menu-item-type-custom menu-item-object-custom menu-item-2372\"><a href=\"#\" class=\"elementor-sub-item elementor-item-anchor\" tabindex=\"-1\">submenu &#8211; ne t\u00f6r\u00f6ld!<\/a><\/li>\n<\/ul>\n<\/li>\n<li class=\"menu-item menu-item-type-custom menu-item-object-custom menu-item-34\"><a target=\"_blank\" rel=\"noopener\" href=\"https:\/\/www.kedvencwebaruhaz.hu\/\" class=\"elementor-item\" tabindex=\"-1\">Web\u00e1ruh\u00e1z<\/a><\/li>\n<li class=\"menu-item menu-item-type-custom menu-item-object-custom menu-item-35\"><a target=\"_blank\" rel=\"noopener\" href=\"https:\/\/www.netrejtveny.hu\/\" class=\"elementor-item\" tabindex=\"-1\">Netrejtv\u00e9ny<\/a><\/li>\n<li class=\"menu-item menu-item-type-post_type menu-item-object-page menu-item-2996\"><a href=\"https:\/\/stage.rejtvenyujsag.hu\/?page_id=2946\" class=\"elementor-item\" tabindex=\"-1\">Kapcsolat<\/a><\/li>\n<li class=\"menu-item menu-item-type-custom menu-item-object-custom menu-item-3585\"><a target=\"_blank\" rel=\"noopener\" href=\"https:\/\/www.kedvencwebaruhaz.hu\/index.php\/egyedi-rejtveny-keszites\" class=\"elementor-item\" tabindex=\"-1\">Rejtv\u00e9nyk\u00e9sz\u00edt\u00e9s<\/a><\/li>\n<\/ul><\/nav>\n\t\t\t\t<\/div>\n\t\t\t\t<\/div>\n\t\t\t\t<div class=\"elementor-element elementor-element-39a53fb4 elementor-widget elementor-widget-html\" data-id=\"39a53fb4\" data-element_type=\"widget\" data-widget_type=\"html.default\">\n\t\t\t\t<div class=\"elementor-widget-container\">\n\t\t\t<a href=\"\/\">\n    <div style=\"display: block;position: absolute;width: 240px;height: 80px;top: -40px;left: 80px;cursor: pointer;\">\n        \n    <\/div>\n<\/a>\t\t<\/div>\n\t\t\t\t<\/div>\n\t\t\t\t<div class=\"elementor-element elementor-element-21da93a elementor-widget__width-initial elementor-absolute elementor-widget elementor-widget-html\" data-id=\"21da93a\" data-element_type=\"widget\" data-settings=\"{&quot;_position&quot;:&quot;absolute&quot;}\" data-widget_type=\"html.default\">\n\t\t\t\t<div class=\"elementor-widget-container\">\n\t\t\t<script type='text\/javascript'>\n    <!--\/\/<![CDATA[\n    \/\/ a rekl\u00e1mot letiltjuk ha fut az elementor editor\n    if (!jQuery('body').hasClass(\"elementor-editor-active\")) {\n        var m3_u = (location.protocol=='https:'?'https:\/\/adserver.csosch.hu\/www\/delivery\/ajs.php':'http:\/\/adserver.csosch.hu\/www\/delivery\/ajs.php');\n        var m3_r = Math.floor(Math.random()*99999999999);\n        if (!document.MAX_used) document.MAX_used = ',';\n        document.write (\"<scr\"+\"ipt type='text\/javascript' src='\"+m3_u);\n        document.write (\"?zoneid=1\");\n        document.write ('&amp;cb=' + m3_r);\n        if (document.MAX_used != ',') document.write (\"&amp;exclude=\" + document.MAX_used);\n        document.write (document.charset ? '&amp;charset='+document.charset : (document.characterSet ? '&amp;charset='+document.characterSet : ''));\n        document.write (\"&amp;loc=\" + escape(window.location));\n        if (document.referrer) document.write (\"&amp;referer=\" + escape(document.referrer));\n        if (document.context) document.write (\"&context=\" + escape(document.context));\n        if (document.mmm_fo) document.write (\"&amp;mmm_fo=1\");\n        document.write (\"'><\\\/scr\"+\"ipt>\");\n    }\n    \/\/]]>-->\n<\/script>\n<noscript>\n    <a href='http:\/\/adserver.csosch.hu\/www\/delivery\/ck.php?n=a3461044&amp;cb=INSERT_RANDOM_NUMBER_HERE' target='_blank'><img src='http:\/\/adserver.csosch.hu\/www\/delivery\/avw.php?zoneid=1&amp;cb=INSERT_RANDOM_NUMBER_HERE&amp;n=a3461044' border='0' alt='' \/><\/a>\n<\/noscript>\n\t\t<\/div>\n\t\t\t\t<\/div>\n\t\t\t\t\t<\/div>\n\t\t<\/div>\n\t\t\t\t\t\t\t<\/div>\n\t\t<\/section>\n\t\t\t\t<section class=\"elementor-section elementor-top-section elementor-element elementor-element-35d968c3 elementor-section-boxed elementor-section-height-default elementor-section-height-default\" data-id=\"35d968c3\" data-element_type=\"section\" data-settings=\"{&quot;background_background&quot;:&quot;classic&quot;}\">\n\t\t\t\t\t\t<div class=\"elementor-container elementor-column-gap-no\">\n\t\t\t\t\t<div class=\"elementor-column elementor-col-100 elementor-top-column elementor-element elementor-element-43c7a9b0\" data-id=\"43c7a9b0\" data-element_type=\"column\">\n\t\t\t<div class=\"elementor-widget-wrap elementor-element-populated\">\n\t\t\t\t\t\t\t\t<section class=\"elementor-section elementor-inner-section elementor-element elementor-element-25e8428d elementor-section-height-min-height elementor-section-boxed elementor-section-height-default\" data-id=\"25e8428d\" data-element_type=\"section\" data-settings=\"{&quot;background_background&quot;:&quot;classic&quot;}\">\n\t\t\t\t\t\t\t<div class=\"elementor-background-overlay\"><\/div>\n\t\t\t\t\t\t\t<div class=\"elementor-container elementor-column-gap-default\">\n\t\t\t\t\t<div class=\"elementor-column elementor-col-100 elementor-inner-column elementor-element elementor-element-2dc58222\" data-id=\"2dc58222\" data-element_type=\"column\">\n\t\t\t<div class=\"elementor-widget-wrap elementor-element-populated\">\n\t\t\t\t\t\t\t\t<div class=\"elementor-element elementor-element-f6848bc elementor-widget elementor-widget-heading\" data-id=\"f6848bc\" data-element_type=\"widget\" data-widget_type=\"heading.default\">\n\t\t\t\t<div class=\"elementor-widget-container\">\n\t\t\t<h1 class=\"elementor-heading-title elementor-size-default\">Kapcsolat<\/h1>\t\t<\/div>\n\t\t\t\t<\/div>\n\t\t\t\t<div class=\"elementor-element elementor-element-3a19c87 elementor-widget elementor-widget-text-editor\" data-id=\"3a19c87\" data-element_type=\"widget\" data-widget_type=\"text-editor.default\">\n\t\t\t\t<div class=\"elementor-widget-container\">\n\t\t\t\t\t\t\t<div class=\"article\"><div><ul><li>V\u00e1s\u00e1rolni? El\u0151fizetni szeretne?<\/li><\/ul><p>Kiadv\u00e1nyainkat megtal\u00e1lja a\u00a0<a href=\"http:\/\/www.kedvencwebaruhaz.hu\/\" target=\"_blank\" rel=\"noopener\">kedvencwebaruhaz.hu<\/a>\u00a0oldalunkon, vagy megv\u00e1s\u00e1rolhatja a h\u00edrlap\u00e1rusokn\u00e1l, az\u00a0<a href=\"http:\/\/www.lapker.hu\/index.php?mid=39\" target=\"_blank\" rel=\"noopener\">Inmedio<\/a>\u00a0\u00e9s a\u00a0<a href=\"http:\/\/www.lapker.hu\/index.php?p=contents&amp;cid=25\" target=\"_blank\" rel=\"noopener\">Relay<\/a>\u00a0\u00fczletekben, az \u00fczletek h\u00edrlaposzt\u00e1ly\u00e1n, a benzinkutakon \u00e9s a postahivatalokban. Lapjainkat k\u00fclf\u00f6ld\u00f6n a\u00a0<a href=\"http:\/\/www.rejtvenyujsag.hu\/component\/content\/1\" target=\"_blank\" rel=\"noopener\">Hungaropress Kft.<\/a>, el\u0151fizet\u00e9sben a\u00a0<a href=\"http:\/\/www.kedvencwebaruhaz.hu\/index.php\/elofizetesek\" target=\"_blank\" rel=\"noopener\">Magyar Posta Zrt.<\/a>\u00a0terjeszti.<\/p><p>\u00a0<\/p><ul><li>\u00d6n viszontelad\u00f3&#8230; \u00e9s szeretn\u00e9 term\u00e9keinket kisboltj\u00e1ban, trafikj\u00e1ban, vagy \u00fajs\u00e1g\u00e1rusk\u00e9nt \u00e1rulni?<\/li><\/ul><p>K\u00e9rjen aj\u00e1nlatot orsz\u00e1gos terjeszt\u0151inkt\u0151l:<\/p><p>\u00a0<\/p><p><a href=\"http:\/\/www.lapker.hu\/\" target=\"_blank\" rel=\"noopener\">Lapker Zrt<\/a><\/p><p>\u00a0<\/p><p><a href=\"http:\/\/www.posta.hu\/hirlap\" target=\"_blank\" rel=\"noopener\">Magyar Posta Zrt<\/a><\/p><p>\u00a0<\/p><ul><li>\u00d6n hirdetni szeretne&#8230; \u00e9s \u00e9rdeklik online \u00e9s offline rekl\u00e1mfel\u00fcleteink?<\/li><\/ul><ul><li>\u00d6n \u00e9rdekl\u0151dik a rejtv\u00e9nyeinkkel kapcsolatban?<\/li><\/ul><ul><li>K\u00e9rd\u00e9se, \u00e9szrev\u00e9tele van?<\/li><\/ul><p>Keresse munkat\u00e1rsainkat:<\/p><p>\u00a0<\/p><\/div><div><p><em>Szerkeszt\u0151s\u00e9g \u00e9s postac\u00edm:<\/em><br \/>8000 Sz\u00e9kesfeh\u00e9rv\u00e1r, Sarl\u00f3 utca 23\/a<br \/><em>K\u00f6zponti telefonsz\u00e1m:<\/em>\u00a0+36 (22) 200-181<br \/><em>K\u00f6zponti e-mail:<\/em>\u00a0<a href=\"mailto:info@csosch.hu\">info@csosch.hu<\/a><\/p><\/div><div><p><strong>\u00a0<\/strong><\/p><p><strong>Az oldal \u00e9s a lapok kiad\u00f3ja:<\/strong><br \/>CsoSch Kft. &#8211; 8000 Sz\u00e9kesfeh\u00e9rv\u00e1r Sarl\u00f3 utca 23\/A 10\/3<br \/><em>Ad\u00f3sz\u00e1m:<\/em>\u00a026088701-2-07<br \/><em>C\u00e9gjegyz\u00e9ksz\u00e1m:<\/em>\u00a00709028120<\/p><p>\u00a0<\/p><p><strong>\u00a0<\/strong><\/p><p><strong>Banksz\u00e1mlasz\u00e1m:<\/strong><\/p><p><em>Web\u00e1ruh\u00e1z \u00e9s el\u0151fizet\u00e9s:<\/em>\u00a0Erste Bank 11600006-00000000-68292148<\/p><p><em>Nagykeresked\u00e9s \u00e9s orsz\u00e1gos terjeszt\u00e9s:<\/em>\u00a0Erste Bank 11607003-24278200-07000006<\/p><p><em>\u00a0<\/em><\/p><p><em>Adatkezel\u00e9si nyilv\u00e1ntart\u00e1si sz\u00e1m:<\/em>\u00a0NAIH-84577\/2015.<\/p><\/div><div><p><strong>\u00a0<\/strong><\/p><p><strong>Facebook:<\/strong><br \/><a href=\"http:\/\/www.facebook.com\/kedvenc\" target=\"_blank\" rel=\"noopener\">www.facebook.com\/kedvenc<\/a><br \/><a href=\"http:\/\/www.facebook.com\/kacago\" target=\"_blank\" rel=\"noopener\">www.facebook.com\/kacago<\/a><\/p><\/div><div>\u00a0<\/div><div><strong>Weboldalak:<\/strong><br \/><a href=\"http:\/\/www.csosch.hu\/\" target=\"_blank\" rel=\"noopener\">www.csosch.hu<\/a><br \/><a href=\"http:\/\/www.netrejtveny.hu\/\" target=\"_blank\" rel=\"noopener\">www.netrejtveny.hu<\/a><br \/><a href=\"http:\/\/www.rejtvenyujsag.hu\/undefined\/\" target=\"_blank\" rel=\"noopener\">www.rejtvenyujsag.hu<\/a><\/div><div><p>Az oldal \u00e9s annak tartalma a CsoSch Kft. kiz\u00e1r\u00f3lagos tulajdona. Az itt k\u00f6z\u00f6lt tartalom, \u00e9s adatok ut\u00e1nk\u00f6zl\u00e9se, m\u00e1sol\u00e1sa, feldolgoz\u00e1sa csak a CsoSch Kft. \u00edr\u00e1sos beleegyez\u00e9s\u00e9vel t\u00f6rt\u00e9nhet.<\/p><\/div><\/div>\t\t\t\t\t\t<\/div>\n\t\t\t\t<\/div>\n\t\t\t\t<div class=\"elementor-element elementor-element-5ce370c elementor-widget elementor-widget-heading\" data-id=\"5ce370c\" data-element_type=\"widget\" data-widget_type=\"heading.default\">\n\t\t\t\t<div class=\"elementor-widget-container\">\n\t\t\t<h2 class=\"elementor-heading-title elementor-size-default\">H\u00edrlev\u00e9l<\/h2>\t\t<\/div>\n\t\t\t\t<\/div>\n\t\t\t\t<div class=\"elementor-element elementor-element-502aa99 elementor-widget elementor-widget-text-editor\" data-id=\"502aa99\" data-element_type=\"widget\" data-widget_type=\"text-editor.default\">\n\t\t\t\t<div class=\"elementor-widget-container\">\n\t\t\t\t\t\t\t<p>H\u00edrlevel\u00fcnkb\u0151l \u00e9rtes\u00fclhet kiadv\u00e1nyainkr\u00f3l \u00e9s akci\u00f3inkr\u00f3l, valamint nyerem\u00e9nyj\u00e1t\u00e9kainkr\u00f3l.<br \/>K\u00e9rj\u00fck adja meg az adatait az al\u00e1bbi \u0171rlapban a feliratkoz\u00e1shoz. H\u00edrlevel\u00fcnkr\u0151l b\u00e1rmikor leiratkozhat a h\u00edrlev\u00e9lben tal\u00e1lhat\u00f3 link seg\u00edts\u00e9g\u00e9vel.<\/p>\t\t\t\t\t\t<\/div>\n\t\t\t\t<\/div>\n\t\t\t\t<div class=\"elementor-element elementor-element-5350ba0 elementor-widget elementor-widget-wp-widget-forminator_widget\" data-id=\"5350ba0\" data-element_type=\"widget\" data-widget_type=\"wp-widget-forminator_widget.default\">\n\t\t\t\t<div class=\"elementor-widget-container\">\n\t\t\t<div class=\"forminator-ui forminator-custom-form forminator-custom-form-255 forminator-design--default forminator-enclosed forminator_ajax\" data-forminator-render=\"0\" data-form=\"forminator-module-255\"><br\/><\/div><form\n\t\t\t\tid=\"forminator-module-255\"\n\t\t\t\tclass=\"forminator-ui forminator-custom-form forminator-custom-form-255 forminator-design--default forminator-enclosed forminator_ajax\"\n\t\t\t\tmethod=\"post\"\n\t\t\t\tdata-forminator-render=\"0\"\n\t\t\t\tdata-form-id=\"255\"\n\t\t\t\t\n\t\t\t\tdata-design=\"default\"\n\t\t\t\t\n\t\t\t\t\n\t\t\t\t\n\t\t\t\tdata-grid=\"enclosed\"\n\t\t\t\t\n\t\t\t\t\n\t\t\t\tstyle=\"display: none;\"\n\t\t\t><div class=\"forminator-response-message forminator-error\" aria-hidden=\"true\"><\/div><div class=\"forminator-row\"><div id=\"name-1\" class=\"forminator-col forminator-col-6 \"><div class=\"forminator-field\"><label for=\"forminator-field-name-1\" class=\"forminator-label\">Vezet\u00e9kn\u00e9v <span class=\"forminator-required\">*<\/span><\/label><input type=\"text\" name=\"name-1\" value=\"\" placeholder=\"\" id=\"forminator-field-name-1\" class=\"forminator-input forminator-name--field\" aria-required=\"true\" \/><\/div><\/div><div id=\"name-2\" class=\"forminator-col forminator-col-6 \"><div class=\"forminator-field\"><label for=\"forminator-field-name-2\" class=\"forminator-label\">Keresztn\u00e9v <span class=\"forminator-required\">*<\/span><\/label><input type=\"text\" name=\"name-2\" value=\"\" placeholder=\"\" id=\"forminator-field-name-2\" class=\"forminator-input forminator-name--field\" aria-required=\"true\" \/><\/div><\/div><\/div><div class=\"forminator-row\"><div id=\"email-1\" class=\"forminator-col forminator-col-12 \"><div class=\"forminator-field\"><label for=\"forminator-field-email-1\" class=\"forminator-label\">Email c\u00edm <span class=\"forminator-required\">*<\/span><\/label><input type=\"email\" name=\"email-1\" value=\"\" placeholder=\"\" id=\"forminator-field-email-1\" class=\"forminator-input forminator-email--field\" data-required=\"true\" aria-required=\"true\" \/><\/div><\/div><\/div><div class=\"forminator-row\"><div id=\"phone-2\" class=\"forminator-col forminator-col-12 \"><div class=\"forminator-field\"><label for=\"forminator-field-phone-2\" class=\"forminator-label\">Telefonsz\u00e1m<\/label><input type=\"text\" name=\"phone-2\" value=\"\" placeholder=\"+36\" id=\"forminator-field-phone-2\" class=\"forminator-input forminator-field--phone\" data-required=\"\" aria-required=\"false\" autocomplete=\"off\" \/><\/div><\/div><\/div><div class=\"forminator-row\"><div id=\"gdprcheckbox-1\" class=\"forminator-col forminator-col-12 \"><div class=\"forminator-field\"><label for=\"forminator-field-gdprcheckbox-1-69ed804d043e4\" class=\"forminator-checkbox\"><input type=\"checkbox\" name=\"gdprcheckbox-1\" value=\"true\" id=\"forminator-field-gdprcheckbox-1-69ed804d043e4\" data-required=\"true\" aria-required=\"true\" \/><span class=\"forminator-checkbox-box\" aria-hidden=\"true\"><\/span><span class=\"forminator-checkbox-label\"><p>Az <a href=\"https:\/\/stage.rejtvenyujsag.hu\/?page_id=3003\" target=\"_blank\" rel=\"noopener\">adatkezel\u00e9si t\u00e1j\u00e9koztat\u00f3t<\/a> elolvastam, az abban foglaltakat tudom\u00e1sul veszem.<\/p><\/span><\/label><\/div><\/div><\/div><div class=\"forminator-row\"><div id=\"captcha-1\" class=\"forminator-col forminator-col-12 \"><div class=\"forminator-g-recaptcha recaptcha-invisible\" data-theme=\"light\" data-badge=\"inline\" data-sitekey=\"6LeKKREqAAAAAHjhQQoD8vIp_IWgxMS-zYmTIPSx\" data-size=\"invisible\"><\/div><\/div><\/div><input type=\"hidden\" name=\"referer_url\" value=\"\" \/><div class=\"forminator-row forminator-row-last\"><div class=\"forminator-col\"><div class=\"forminator-field\"><button class=\"forminator-button forminator-button-submit\">K&uuml;ld&eacute;s<\/button><\/div><\/div><\/div><input type=\"hidden\" id=\"forminator_nonce\" name=\"forminator_nonce\" value=\"8038523967\" \/><input type=\"hidden\" name=\"_wp_http_referer\" value=\"\/index.php?rest_route=%2Fwp%2Fv2%2Fpages%2F2946\" \/><input type=\"hidden\" name=\"form_id\" value=\"255\"><input type=\"hidden\" name=\"page_id\" value=\"2946\"><input type=\"hidden\" name=\"form_type\" value=\"default\"><input type=\"hidden\" name=\"current_url\" value=\"https:\/\/stage.rejtvenyujsag.hu\/?rest_route=%2Fwp%2Fv2%2Fpages%2F2946\"><input type=\"hidden\" name=\"render_id\" value=\"0\"><input type=\"hidden\" name=\"action\" value=\"forminator_submit_form_custom-forms\"><\/form>\t\t<\/div>\n\t\t\t\t<\/div>\n\t\t\t\t\t<\/div>\n\t\t<\/div>\n\t\t\t\t\t\t\t<\/div>\n\t\t<\/section>\n\t\t\t\t\t<\/div>\n\t\t<\/div>\n\t\t\t\t\t\t\t<\/div>\n\t\t<\/section>\n\t\t\t\t<section class=\"elementor-section elementor-top-section elementor-element elementor-element-645a69d0 elementor-section-height-min-height elementor-section-boxed elementor-section-height-default elementor-section-items-middle\" data-id=\"645a69d0\" data-element_type=\"section\" data-settings=\"{&quot;background_background&quot;:&quot;classic&quot;,&quot;sticky&quot;:&quot;bottom&quot;,&quot;sticky_on&quot;:[&quot;desktop&quot;,&quot;tablet&quot;,&quot;mobile&quot;],&quot;sticky_offset&quot;:0,&quot;sticky_effects_offset&quot;:0}\">\n\t\t\t\t\t\t<div class=\"elementor-container elementor-column-gap-default\">\n\t\t\t\t\t<div class=\"elementor-column elementor-col-100 elementor-top-column elementor-element elementor-element-676bceeb\" data-id=\"676bceeb\" data-element_type=\"column\">\n\t\t\t<div class=\"elementor-widget-wrap elementor-element-populated\">\n\t\t\t\t\t\t\t\t<div class=\"elementor-element elementor-element-695c2cfa elementor-widget__width-auto elementor-widget elementor-widget-image\" data-id=\"695c2cfa\" data-element_type=\"widget\" data-widget_type=\"image.default\">\n\t\t\t\t<div class=\"elementor-widget-container\">\n\t\t\t\t\t\t\t\t\t\t\t\t\t\t\t\t<a href=\"https:\/\/www.facebook.com\/kedvenc\" target=\"_blank\">\n\t\t\t\t\t\t\t<img width=\"116\" height=\"116\" src=\"https:\/\/stage.rejtvenyujsag.hu\/wp-content\/uploads\/facebook-red-icon-small.png\" class=\"attachment-full size-full\" alt=\"\" loading=\"lazy\" \/>\t\t\t\t\t\t\t\t<\/a>\n\t\t\t\t\t\t\t\t\t\t\t\t\t\t\t<\/div>\n\t\t\t\t<\/div>\n\t\t\t\t<div class=\"elementor-element elementor-element-4dc80b8b elementor-widget__width-auto elementor-widget elementor-widget-image\" data-id=\"4dc80b8b\" data-element_type=\"widget\" data-widget_type=\"image.default\">\n\t\t\t\t<div class=\"elementor-widget-container\">\n\t\t\t\t\t\t\t\t\t\t\t\t\t\t\t\t<a href=\"https:\/\/www.kedvencwebaruhaz.hu\/\" target=\"_blank\">\n\t\t\t\t\t\t\t<img width=\"116\" height=\"116\" src=\"https:\/\/stage.rejtvenyujsag.hu\/wp-content\/uploads\/webshop-red-icon-small.png\" class=\"attachment-full size-full\" alt=\"\" loading=\"lazy\" \/>\t\t\t\t\t\t\t\t<\/a>\n\t\t\t\t\t\t\t\t\t\t\t\t\t\t\t<\/div>\n\t\t\t\t<\/div>\n\t\t\t\t<div class=\"elementor-element elementor-element-16a8170c elementor-widget__width-auto elementor-widget elementor-widget-image\" data-id=\"16a8170c\" data-element_type=\"widget\" data-widget_type=\"image.default\">\n\t\t\t\t<div class=\"elementor-widget-container\">\n\t\t\t\t\t\t\t\t\t\t\t\t\t\t\t\t<a href=\"https:\/\/netrejtveny.hu\/\" target=\"_blank\">\n\t\t\t\t\t\t\t<img width=\"116\" height=\"116\" src=\"https:\/\/stage.rejtvenyujsag.hu\/wp-content\/uploads\/netrejtveny-red-icon-small.png\" class=\"attachment-full size-full\" alt=\"\" loading=\"lazy\" \/>\t\t\t\t\t\t\t\t<\/a>\n\t\t\t\t\t\t\t\t\t\t\t\t\t\t\t<\/div>\n\t\t\t\t<\/div>\n\t\t\t\t\t<\/div>\n\t\t<\/div>\n\t\t\t\t\t\t\t<\/div>\n\t\t<\/section>\n\t\t\t\t\t\t<\/div>\n\t\t\t\t\t<\/div>\n\t\t","protected":false},"excerpt":{"rendered":"<p>Kapcsolat V\u00e1s\u00e1rolni? El\u0151fizetni szeretne? Kiadv\u00e1nyainkat megtal\u00e1lja a\u00a0kedvencwebaruhaz.hu\u00a0oldalunkon, vagy megv\u00e1s\u00e1rolhatja a h\u00edrlap\u00e1rusokn\u00e1l, az\u00a0Inmedio\u00a0\u00e9s a\u00a0Relay\u00a0\u00fczletekben, az \u00fczletek h\u00edrlaposzt\u00e1ly\u00e1n, a benzinkutakon \u00e9s a postahivatalokban. Lapjainkat k\u00fclf\u00f6ld\u00f6n a\u00a0Hungaropress Kft., el\u0151fizet\u00e9sben a\u00a0Magyar Posta Zrt.\u00a0terjeszti. \u00a0 \u00d6n viszontelad\u00f3&#8230; \u00e9s szeretn\u00e9 term\u00e9keinket kisboltj\u00e1ban, trafikj\u00e1ban, vagy \u00fajs\u00e1g\u00e1rusk\u00e9nt \u00e1rulni? K\u00e9rjen aj\u00e1nlatot orsz\u00e1gos terjeszt\u0151inkt\u0151l: \u00a0 Lapker Zrt \u00a0 Magyar Posta Zrt \u00a0 \u00d6n hirdetni szeretne&#8230; [&hellip;]<\/p>\n","protected":false},"author":1,"featured_media":0,"parent":0,"menu_order":0,"comment_status":"closed","ping_status":"closed","template":"","meta":[],"_links":{"self":[{"href":"https:\/\/stage.rejtvenyujsag.hu\/index.php?rest_route=\/wp\/v2\/pages\/2946"}],"collection":[{"href":"https:\/\/stage.rejtvenyujsag.hu\/index.php?rest_route=\/wp\/v2\/pages"}],"about":[{"href":"https:\/\/stage.rejtvenyujsag.hu\/index.php?rest_route=\/wp\/v2\/types\/page"}],"author":[{"embeddable":true,"href":"https:\/\/stage.rejtvenyujsag.hu\/index.php?rest_route=\/wp\/v2\/users\/1"}],"replies":[{"embeddable":true,"href":"https:\/\/stage.rejtvenyujsag.hu\/index.php?rest_route=%2Fwp%2Fv2%2Fcomments&post=2946"}],"version-history":[{"count":3,"href":"https:\/\/stage.rejtvenyujsag.hu\/index.php?rest_route=\/wp\/v2\/pages\/2946\/revisions"}],"predecessor-version":[{"id":3858,"href":"https:\/\/stage.rejtvenyujsag.hu\/index.php?rest_route=\/wp\/v2\/pages\/2946\/revisions\/3858"}],"wp:attachment":[{"href":"https:\/\/stage.rejtvenyujsag.hu\/index.php?rest_route=%2Fwp%2Fv2%2Fmedia&parent=2946"}],"curies":[{"name":"wp","href":"https:\/\/api.w.org\/{rel}","templated":true}]}}